{"id":294,"date":"2024-09-29T20:44:37","date_gmt":"2024-09-29T18:44:37","guid":{"rendered":"https:\/\/nssn-jdr.com\/?page_id=294"},"modified":"2025-12-01T20:11:23","modified_gmt":"2025-12-01T19:11:23","slug":"evenement","status":"publish","type":"page","link":"https:\/\/nssn-jdr.com\/?page_id=294","title":{"rendered":"\u00c9v\u00e8nement"},"content":{"rendered":"<p>[et_pb_section fb_built=\u00a0\u00bb1&Prime; _builder_version=\u00a0\u00bb3.22&Prime; custom_padding=\u00a0\u00bb110px||1px|||\u00a0\u00bb][et_pb_row _builder_version=\u00a0\u00bb4.9.1&Prime; _module_preset=\u00a0\u00bbdefault\u00a0\u00bb][et_pb_column type=\u00a0\u00bb4_4&Prime; _builder_version=\u00a0\u00bb4.9.1&Prime; _module_preset=\u00a0\u00bbdefault\u00a0\u00bb][et_pb_text admin_label=\u00a0\u00bbDiscover Beatuty Title\u00a0\u00bb _builder_version=\u00a0\u00bb4.9.1&Prime; text_font=\u00a0\u00bb||||\u00a0\u00bb text_text_color=\u00a0\u00bb#1a1a1a\u00a0\u00bb header_font=\u00a0\u00bbOswald|on||on|\u00a0\u00bb header_text_align=\u00a0\u00bbright\u00a0\u00bb header_font_size=\u00a0\u00bb60px\u00a0\u00bb header_line_height=\u00a0\u00bb1.3em\u00a0\u00bb custom_margin=\u00a0\u00bb||0px|||\u00a0\u00bb animation_style=\u00a0\u00bbslide\u00a0\u00bb animation_direction=\u00a0\u00bbtop\u00a0\u00bb animation_intensity_slide=\u00a0\u00bb10%\u00a0\u00bb]<\/p>\n<h1 style=\"text-align: left;\"><b>\u00e9v\u00e8nement<\/b><\/h1>\n<p>[\/et_pb_text][et_pb_text admin_label=\u00a0\u00bbDiscover Beatuty Text\u00a0\u00bb _builder_version=\u00a0\u00bb3.27.4&Prime; text_font=\u00a0\u00bbRoboto||||\u00a0\u00bb text_font_size=\u00a0\u00bb16px\u00a0\u00bb text_line_height=\u00a0\u00bb1.9em\u00a0\u00bb custom_padding=\u00a0\u00bb30px|||\u00a0\u00bb animation_style=\u00a0\u00bbslide\u00a0\u00bb animation_direction=\u00a0\u00bbtop\u00a0\u00bb animation_delay=\u00a0\u00bb200ms\u00a0\u00bb animation_intensity_slide=\u00a0\u00bb10%\u00a0\u00bb]<\/p>\n<p style=\"text-align: justify;\">Depuis 2020, en collaboration avec l&rsquo;association <a href=\"https:\/\/sidh.ch\/\">Sidh<\/a>, j&rsquo;organise une adaptation grandeur nature de NSSN, transformant cet univers en un v\u00e9ritable jeu de r\u00f4le immersif. Fini les d\u00e9s et les crayons, place aux costumes et \u00e0 l&rsquo;aventure\u202f! Pendant deux jours, les participants plongent au c\u0153ur du Petit Monde, vivant des exp\u00e9riences inoubliables en totale immersion. Si vous \u00eates tent\u00e9 par cette aventure unique, vous trouverez ci-dessous les d\u00e9tails de notre prochain \u00e9v\u00e9nement.<\/p>\n<p>[\/et_pb_text][\/et_pb_column][\/et_pb_row][et_pb_row _builder_version=\u00a0\u00bb4.9.1&Prime; _module_preset=\u00a0\u00bbdefault\u00a0\u00bb][et_pb_column type=\u00a0\u00bb4_4&Prime; _builder_version=\u00a0\u00bb4.9.1&Prime; _module_preset=\u00a0\u00bbdefault\u00a0\u00bb][et_pb_divider color=\u00a0\u00bb#000000&Prime; divider_style=\u00a0\u00bbdotted\u00a0\u00bb divider_position=\u00a0\u00bbbottom\u00a0\u00bb _builder_version=\u00a0\u00bb4.9.1&Prime; _module_preset=\u00a0\u00bbdefault\u00a0\u00bb background_color=\u00a0\u00bbRGBA(0,0,0,0)\u00a0\u00bb custom_padding=\u00a0\u00bb||0px|||\u00a0\u00bb][\/et_pb_divider][\/et_pb_column][\/et_pb_row][\/et_pb_section][et_pb_section fb_built=\u00a0\u00bb1&Prime; _builder_version=\u00a0\u00bb4.9.1&Prime; _module_preset=\u00a0\u00bbdefault\u00a0\u00bb][et_pb_row _builder_version=\u00a0\u00bb4.9.1&Prime; _module_preset=\u00a0\u00bbdefault\u00a0\u00bb][et_pb_column type=\u00a0\u00bb4_4&Prime; _builder_version=\u00a0\u00bb4.9.1&Prime; _module_preset=\u00a0\u00bbdefault\u00a0\u00bb][et_pb_image src=\u00a0\u00bbhttps:\/\/nssn-jdr.com\/wp-content\/uploads\/2025\/09\/nssn-5-pub.jpg\u00a0\u00bb title_text=\u00a0\u00bbnssn-5-pub\u00a0\u00bb _builder_version=\u00a0\u00bb4.9.1&Prime; _module_preset=\u00a0\u00bbdefault\u00a0\u00bb][\/et_pb_image][\/et_pb_column][\/et_pb_row][et_pb_row column_structure=\u00a0\u00bb3_4,1_4&Prime; _builder_version=\u00a0\u00bb4.9.1&Prime; _module_preset=\u00a0\u00bbdefault\u00a0\u00bb][et_pb_column type=\u00a0\u00bb3_4&Prime; _builder_version=\u00a0\u00bb4.9.1&Prime; _module_preset=\u00a0\u00bbdefault\u00a0\u00bb][et_pb_text admin_label=\u00a0\u00bbDiscover Beatuty Text\u00a0\u00bb _builder_version=\u00a0\u00bb4.9.1&Prime; text_font=\u00a0\u00bbRoboto||||\u00a0\u00bb text_font_size=\u00a0\u00bb16px\u00a0\u00bb text_line_height=\u00a0\u00bb1.9em\u00a0\u00bb custom_padding=\u00a0\u00bb30px|||\u00a0\u00bb animation_style=\u00a0\u00bbslide\u00a0\u00bb animation_direction=\u00a0\u00bbtop\u00a0\u00bb animation_delay=\u00a0\u00bb200ms\u00a0\u00bb animation_intensity_slide=\u00a0\u00bb10%\u00a0\u00bb]<\/p>\n<h3><span style=\"color: #ff0000;\"><strong>[L&rsquo;\u00c9V\u00c9NEMENT EST COMPLET &#8211; LES INSCRIPTIONS SONT FERM\u00c9ES]<\/strong><\/span><\/h3>\n<p>Bonjour \u00e0 tous, nous organisons un GN le 29-30 Nov 2025 au Domaine de Monteret (VD) (Suisse). Il est ouvert a tous, adultes comme enfants mais les mineurs doivent \u00eatre accompagn\u00e9s. Nous vous prions \u00e9galement de rejoindre le discord pour plus d\u2019informations ou pour communiquer avec les organisateurs. Il n\u2019est pas n\u00e9cessaire d\u2019avoir fait les opus pr\u00e9c\u00e9dents pour y participer. Toutes les communications importantes seront faites via le discord. Pri\u00e8re de le rejoindre si int\u00e9ress\u00e9.<\/p>\n<p>Ce GN sera le dernier de la s\u00e9rie NSSN et clos une s\u00e9rie de cinq \u00e9pisodes.<\/p>\n<p style=\"text-align: justify;\">\u25c9 Th\u00e8me : Fantasy Post-apocalyptique \/ Western<\/p>\n<h3><strong>Synopsis :<\/strong><\/h3>\n<p>Notre histoire commence dans un recoin recul\u00e9 de l\u2019univers, dans un syst\u00e8me solaire si petit qu\u2019il passe souvent inaper\u00e7u. L\u00e0, nich\u00e9e dans l\u2019ombre d\u2019une \u00e9toile discr\u00e8te, se trouve une plan\u00e8te modeste que nous appellerons \u00ab le Petit Monde \u00bb. Et sur ce Petit Monde, les choses vont\u2026 un petit peu mieux qu&rsquo;au par avant.<\/p>\n<p>Ann\u00e9e 1155.<br \/>Depuis cinq ans, les vents ont tourn\u00e9 sur les r\u00e9gions d\u2019Efeim, d\u2019Ivmond et de Fiergaen. Les menaces les plus sombres, celles qui plombaient l\u2019horizon depuis des d\u00e9cennies, semblent s\u2019\u00eatre dissip\u00e9es \u2014 non dans une gloire \u00e9clatante, mais dans une s\u00e9rie de lentes extinctions. Les Raiders, ces pillards autrefois insaisissables, se sont d\u00e9chir\u00e9s de l\u2019int\u00e9rieur. Le commerce rena\u00eet, encore fragile, entre les mains de la Guilde des Marchands obstin\u00e9e et de quelques artisans tenaces qui reforment les cha\u00eenes d\u2019approvisionnement, maillon par maillon. Les cit\u00e9s rel\u00e8vent la t\u00eate.<\/p>\n<p>Un trait\u00e9 improbable lie d\u00e9sormais les nains de la Dent de Fer aux elfes de Tir-Na-Nog, cimentant une paix que l\u2019on aurait autrefois jug\u00e9e inconcevable. Tout semble aller pour le mieux, n\u2019est-ce pas ?<\/p>\n<p>\u00c0 l\u2019est, une plaie verte rongeait jadis le monde : la grande for\u00eat magique, vivante, affam\u00e9e. Pendant des d\u00e9cennies, elle engendrait des monstruosit\u00e9s qui ravageaient les villes frontali\u00e8res. Puis, il y a deux ans, le silence tomba brutalement. Une ogive \u00a0fut largu\u00e9e sur le c\u0153ur de la for\u00eat par une \u00e9quipe de scientifiques. Depuis, plus rien ne bouge. Plus d\u2019abominations, plus de croissance. Une simple for\u00eat inerte<\/p>\n<p>Et voil\u00e0 qu\u2019on murmure aujourd\u2019hui qu\u2019il serait \u00ab\u00a0presque\u00a0\u00bb sans danger de s\u2019y aventurer. Ce \u00ab\u00a0presque\u00a0\u00bb, bien s\u00fbr, suffit \u00e0 attirer les aventuriers.<\/p>\n<p>Ils partirent donc en exp\u00e9dition, chasseurs de tr\u00e9sors, r\u00eaveurs d\u2019ancien savoir, d\u00e9sireux de piller les restes d\u2019un monde que l\u2019on croyait imp\u00e9n\u00e9trable. Mais ce qu\u2019ils trouv\u00e8rent n\u2019\u00e9tait ni ruine, ni tombe, ni vestige\u2026<\/p>\n<p>C\u2019\u00e9tait un village.<br \/>Noirmont.<\/p>\n<p>Une communaut\u00e9 recluse, \u00e9trangement intacte. L\u2019herbe y pousse noire par endroits, comme br\u00fbl\u00e9e par un feu ancien. Le niveau de technologie y rappelle celui de l\u2019an 900 du Petit Monde \u2014 l\u2019\u00e9quivalent, peut-\u00eatre, de notre 1850. Les habitants, soud\u00e9s, croyants, vivent \u00e0 l\u2019\u00e9cart de tout. Ils \u00a0semblent surpris (?), effray\u00e9s (?)&#8230; et leur regard sur les \u00e9trangers est charg\u00e9 de suspicion.<\/p>\n<p>Les aventuriers, eux, s\u2019interrogent : comment un village a-t-il pu subsister, isol\u00e9 au c\u0153ur m\u00eame de cette for\u00eat ? Que savent ces gens ?<\/p>\n<p>Deux mondes se rencontrent ici \u2014 celui des rescap\u00e9s du chaos, avides de progr\u00e8s et de r\u00e9ponses, et celui d\u2019une communaut\u00e9 p\u00e9trie de secrets, prot\u00e9g\u00e9e par quelque chose qu\u2019on n\u2019a pas encore compris.<br \/>Chacun croit l\u2019autre \u00e9trange. Chacun doute. Chacun ment peut-\u00eatre.<\/p>\n<p>Mais une chose est certaine : Noirmont cache quelque chose.<br \/>Et la for\u00eat, malgr\u00e9 son silence, \u00e9coute encore.<\/p>\n<p><strong>En deux mots :<\/strong><span>\u00a0<\/span><em>Deux groupes se rencontrent, les aventuriers (\u00e9lectrons libres) et les villageois (quelques restrictions mais avec des objectifs de factions et m\u00e9caniques propre \u00e0 eux).<\/em><\/p>\n<p><em><\/em><\/p>\n<h4><strong>INFOS PRATIQUES<\/strong><\/h4>\n<p>\u25c9 Jeu de r\u00f4le grandeur nature post-apocalyptique\/fantasy. Inspir\u00e9 du JDR \u00e9ponyme.<\/p>\n<p>\u25c9 Du sam. 29 au dim. 30 Nov. Possibilit\u00e9 de venir le vendredi 28 soir sur les lieux d\u00e8s 20h\/22h.<\/p>\n<p>\u25c9 Lieux : Domaine de Monteret (les deux b\u00e2timents) St-Cergue (VD) Suisse.<\/p>\n<p>\u25c9 En partenariat avec l\u2019association SIDH.<\/p>\n<p>\u25c9 70 Joueurs (au maximum) \u2014 20 B\u00e9n\u00e9voles\/PNJ.<\/p>\n<p>\u25c9 Prix : 100 chf \/ 90chf pour les mineurs et membres SIDH.<\/p>\n<p>\u25c9 4 repas en jeux (samedi midi + soir et dimanche matin + midi) et dortoir int\u00e9rieurs.<\/p>\n<p>\u25c9 En plus du billet du GN, le livre du jeu (jdr) sera offert avec l&rsquo;art book, des cartes postales et un poster (\u00e0 confirmer) ne pas les prendre ne baissera pas le prix, \u00e7a fait partie du lot.,<\/p>\n<p>\u25c9 Organisateur Florian Seem\u00fcller \/ SIDH<\/p>\n<p style=\"text-align: justify;\"><strong><\/strong><\/p>\n<h3><strong>INSCRIPTION<span>\u00a0<\/span><\/strong><\/h3>\n<p style=\"text-align: justify;\"><span>1) Remplir la fiche d&rsquo;inscription : <\/span><a class=\"anchor_edefb8 anchorUnderlineOnHover_edefb8\" href=\"https:\/\/tinyurl.com\/2ppn3eb3\" rel=\"noreferrer noopener\" target=\"_blank\" title=\"https:\/\/tinyurl.com\/2ppn3eb3\" role=\"button\" tabindex=\"0\"><span>https:\/\/tinyurl.com\/2ppn3eb3<\/span><\/a><span> (Fichier &gt; Cr\u00e9er une copie).<\/span><\/p>\n<p style=\"text-align: justify;\"><span>2) Payer (ou plus tard). <\/span><\/p>\n<p style=\"text-align: justify;\"><span>3) Cr\u00e9er et envoyer son personnage gr\u00e2ce aux <\/span><strong><span>documents joueurs<\/span><\/strong><span> : <\/span><a class=\"anchor_edefb8 anchorUnderlineOnHover_edefb8\" href=\"https:\/\/tinyurl.com\/mpe8695z\" rel=\"noreferrer noopener\" target=\"_blank\" title=\"https:\/\/tinyurl.com\/mpe8695z\" role=\"button\" tabindex=\"0\"><span>https:\/\/tinyurl.com\/mpe8695z<\/span><\/a><\/p>\n<p style=\"text-align: justify;\"><span style=\"text-decoration: underline;\"><strong>Les r\u00f4les et paiements doivent \u00eatre soumis d\u2019ici le 15 novembre 2025.<\/strong><\/span><\/p>\n<p style=\"text-align: justify;\"><span style=\"text-decoration: underline;\"><strong>Aucun remboursement en cas de d\u00e9sistement apr\u00e8s le 20 novembre 2025.<\/strong><\/span><\/p>\n<p style=\"text-align: justify;\"><span><\/span><\/p>\n<h3><strong>UNIVERS (DE BASE) EN VID\u00c9O :<\/strong><\/h3>\n<p style=\"text-align: justify;\">Histoire : <a href=\"https:\/\/bit.ly\/3E36oij\">https:\/\/bit.ly\/3E36oij<\/a><\/p>\n<p style=\"text-align: justify;\">Races : <a href=\"https:\/\/bit.ly\/38UIwyX\">https:\/\/bit.ly\/38UIwyX<\/a><\/p>\n<p style=\"text-align: justify;\">Factions : <a href=\"https:\/\/bit.ly\/2X9lSQU\">https:\/\/bit.ly\/2X9lSQU<\/a><\/p>\n<p style=\"text-align: justify;\">Croyances : <a href=\"https:\/\/bit.ly\/38X581S\">https:\/\/bit.ly\/38X581S<\/a><\/p>\n<p style=\"text-align: justify;\"><a href=\"https:\/\/discord.gg\/pYBEGwUkgs\"><span style=\"color: #e02b20;\">*<\/span><\/a>Plus d&rsquo;infos: <a href=\"https:\/\/discord.gg\/pYBEGwUkgs\">https:\/\/discord.gg\/pYBEGwUkgs<\/a><\/p>\n<p style=\"text-align: justify;\"><span style=\"color: #e02b20;\"><a href=\"https:\/\/discord.gg\/pYBEGwUkgs\" style=\"color: #e02b20;\">*<\/a>Toutes les communications li\u00e9es \u00e0 l&rsquo;\u00e9v\u00e8nement se font sur ce discord !<\/span><\/p>\n<p>[\/et_pb_text][\/et_pb_column][et_pb_column type=\u00a0\u00bb1_4&Prime; _builder_version=\u00a0\u00bb4.9.1&Prime; _module_preset=\u00a0\u00bbdefault\u00a0\u00bb][et_pb_image src=\u00a0\u00bbhttps:\/\/nssn-jdr.com\/wp-content\/uploads\/2024\/09\/photo-gn-01.jpg\u00a0\u00bb _builder_version=\u00a0\u00bb4.9.1&Prime; _module_preset=\u00a0\u00bbdefault\u00a0\u00bb][\/et_pb_image][et_pb_image src=\u00a0\u00bbhttps:\/\/nssn-jdr.com\/wp-content\/uploads\/2024\/09\/photo-gn-02.jpg\u00a0\u00bb title_text=\u00a0\u00bbphoto-gn-02&Prime; _builder_version=\u00a0\u00bb4.9.1&Prime; _module_preset=\u00a0\u00bbdefault\u00a0\u00bb][\/et_pb_image][et_pb_image src=\u00a0\u00bbhttps:\/\/nssn-jdr.com\/wp-content\/uploads\/2024\/09\/photo-gn-03.jpg\u00a0\u00bb title_text=\u00a0\u00bbphoto-gn-03&Prime; _builder_version=\u00a0\u00bb4.9.1&Prime; _module_preset=\u00a0\u00bbdefault\u00a0\u00bb][\/et_pb_image][et_pb_image src=\u00a0\u00bbhttps:\/\/nssn-jdr.com\/wp-content\/uploads\/2024\/09\/photo-gn-04.jpg\u00a0\u00bb title_text=\u00a0\u00bbphoto-gn-04&Prime; _builder_version=\u00a0\u00bb4.9.1&Prime; _module_preset=\u00a0\u00bbdefault\u00a0\u00bb][\/et_pb_image][et_pb_image src=\u00a0\u00bbhttps:\/\/nssn-jdr.com\/wp-content\/uploads\/2024\/09\/photo-gn-08.jpg\u00a0\u00bb title_text=\u00a0\u00bbphoto-gn-08&Prime; _builder_version=\u00a0\u00bb4.9.1&Prime; _module_preset=\u00a0\u00bbdefault\u00a0\u00bb][\/et_pb_image][et_pb_image src=\u00a0\u00bbhttps:\/\/nssn-jdr.com\/wp-content\/uploads\/2024\/09\/photo-gn-05.jpg\u00a0\u00bb title_text=\u00a0\u00bbphoto-gn-05&Prime; _builder_version=\u00a0\u00bb4.9.1&Prime; _module_preset=\u00a0\u00bbdefault\u00a0\u00bb][\/et_pb_image][et_pb_image src=\u00a0\u00bbhttps:\/\/nssn-jdr.com\/wp-content\/uploads\/2024\/09\/photo-gn-09.jpg\u00a0\u00bb title_text=\u00a0\u00bbphoto-gn-09&Prime; _builder_version=\u00a0\u00bb4.9.1&Prime; _module_preset=\u00a0\u00bbdefault\u00a0\u00bb][\/et_pb_image][\/et_pb_column][\/et_pb_row][\/et_pb_section][et_pb_section fb_built=\u00a0\u00bb1&Prime; _builder_version=\u00a0\u00bb4.9.1&Prime; _module_preset=\u00a0\u00bbdefault\u00a0\u00bb min_height=\u00a0\u00bb1027.2px\u00a0\u00bb][et_pb_row _builder_version=\u00a0\u00bb4.9.1&Prime; _module_preset=\u00a0\u00bbdefault\u00a0\u00bb][et_pb_column type=\u00a0\u00bb4_4&Prime; _builder_version=\u00a0\u00bb4.9.1&Prime; _module_preset=\u00a0\u00bbdefault\u00a0\u00bb][et_pb_divider color=\u00a0\u00bb#000000&Prime; divider_style=\u00a0\u00bbdotted\u00a0\u00bb divider_position=\u00a0\u00bbbottom\u00a0\u00bb _builder_version=\u00a0\u00bb4.9.1&Prime; _module_preset=\u00a0\u00bbdefault\u00a0\u00bb background_color=\u00a0\u00bbRGBA(0,0,0,0)\u00a0\u00bb custom_padding=\u00a0\u00bb||0px|||\u00a0\u00bb][\/et_pb_divider][\/et_pb_column][\/et_pb_row][et_pb_row _builder_version=\u00a0\u00bb4.9.1&Prime; _module_preset=\u00a0\u00bbdefault\u00a0\u00bb][et_pb_column type=\u00a0\u00bb4_4&Prime; _builder_version=\u00a0\u00bb4.9.1&Prime; _module_preset=\u00a0\u00bbdefault\u00a0\u00bb][et_pb_text admin_label=\u00a0\u00bbDiscover Beatuty Title\u00a0\u00bb _builder_version=\u00a0\u00bb4.9.1&Prime; text_font=\u00a0\u00bb||||\u00a0\u00bb text_text_color=\u00a0\u00bb#1a1a1a\u00a0\u00bb header_font=\u00a0\u00bbOswald|on||on|\u00a0\u00bb header_text_align=\u00a0\u00bbright\u00a0\u00bb header_font_size=\u00a0\u00bb60px\u00a0\u00bb header_line_height=\u00a0\u00bb1.3em\u00a0\u00bb custom_margin=\u00a0\u00bb||0px|||\u00a0\u00bb animation_style=\u00a0\u00bbslide\u00a0\u00bb animation_direction=\u00a0\u00bbtop\u00a0\u00bb animation_intensity_slide=\u00a0\u00bb10%\u00a0\u00bb]<\/p>\n<h1 style=\"text-align: center;\">album photo<\/h1>\n<p>[\/et_pb_text][\/et_pb_column][\/et_pb_row][et_pb_row column_structure=\u00a0\u00bb1_3,1_3,1_3&Prime; _builder_version=\u00a0\u00bb4.9.1&Prime; _module_preset=\u00a0\u00bbdefault\u00a0\u00bb][et_pb_column type=\u00a0\u00bb1_3&Prime; _builder_version=\u00a0\u00bb4.9.1&Prime; _module_preset=\u00a0\u00bbdefault\u00a0\u00bb][et_pb_image src=\u00a0\u00bbhttps:\/\/nssn-jdr.com\/wp-content\/uploads\/2024\/09\/icone-gn-nssn-2021.jpg\u00a0\u00bb title_text=\u00a0\u00bbicone-gn-nssn-2021&Prime; url=\u00a0\u00bbhttps:\/\/photos.google.com\/share\/AF1QipPNEZsOZs8bn_qnxu0QJd6oF5lf-hF4CETVBw9LFileU_X6FiGkGWCNV5-OP2DOSQ?key=eTNfak5IdGx1VDlldXRZQW9kdjNlZF8xQjZvd19R\u00a0\u00bb url_new_window=\u00a0\u00bbon\u00a0\u00bb _builder_version=\u00a0\u00bb4.9.1&Prime; _module_preset=\u00a0\u00bbdefault\u00a0\u00bb custom_margin=\u00a0\u00bb||0px|||\u00a0\u00bb][\/et_pb_image][et_pb_text admin_label=\u00a0\u00bbDiscover Beatuty Text\u00a0\u00bb _builder_version=\u00a0\u00bb4.9.1&Prime; text_font=\u00a0\u00bbRoboto||||\u00a0\u00bb text_font_size=\u00a0\u00bb16px\u00a0\u00bb text_line_height=\u00a0\u00bb1.9em\u00a0\u00bb custom_padding=\u00a0\u00bb4px|||||\u00a0\u00bb animation_style=\u00a0\u00bbslide\u00a0\u00bb animation_direction=\u00a0\u00bbtop\u00a0\u00bb animation_delay=\u00a0\u00bb200ms\u00a0\u00bb animation_intensity_slide=\u00a0\u00bb10%\u00a0\u00bb]<\/p>\n<p style=\"text-align: center;\"><strong>\u00c9pisode 1 (2021)<\/strong><\/p>\n<p>[\/et_pb_text][\/et_pb_column][et_pb_column type=\u00a0\u00bb1_3&Prime; _builder_version=\u00a0\u00bb4.9.1&Prime; _module_preset=\u00a0\u00bbdefault\u00a0\u00bb][et_pb_image src=\u00a0\u00bbhttps:\/\/nssn-jdr.com\/wp-content\/uploads\/2024\/09\/icone-gn-nssn-2022.jpg\u00a0\u00bb title_text=\u00a0\u00bbicone-gn-nssn-2022&Prime; url=\u00a0\u00bbhttps:\/\/photos.google.com\/share\/AF1QipMoatQkdZcQQXuQEHECnlKjFxuiPTmSsKofQBt3yJWooAxqsV8ME4jcQZCqZ4nQhQ?key=bF84V2NEelhPN3lLT0lZZDhLX2VSdkF4VENEMFhn\u00a0\u00bb url_new_window=\u00a0\u00bbon\u00a0\u00bb _builder_version=\u00a0\u00bb4.9.1&Prime; _module_preset=\u00a0\u00bbdefault\u00a0\u00bb custom_margin=\u00a0\u00bb||0px|||\u00a0\u00bb][\/et_pb_image][et_pb_text admin_label=\u00a0\u00bbDiscover Beatuty Text\u00a0\u00bb _builder_version=\u00a0\u00bb4.9.1&Prime; text_font=\u00a0\u00bbRoboto||||\u00a0\u00bb text_font_size=\u00a0\u00bb16px\u00a0\u00bb text_line_height=\u00a0\u00bb1.9em\u00a0\u00bb custom_padding=\u00a0\u00bb4px|||||\u00a0\u00bb animation_style=\u00a0\u00bbslide\u00a0\u00bb animation_direction=\u00a0\u00bbtop\u00a0\u00bb animation_delay=\u00a0\u00bb200ms\u00a0\u00bb animation_intensity_slide=\u00a0\u00bb10%\u00a0\u00bb]<\/p>\n<p style=\"text-align: center;\"><strong>\u00c9pisode 2 (2022)<\/strong><\/p>\n<p>[\/et_pb_text][\/et_pb_column][et_pb_column type=\u00a0\u00bb1_3&Prime; _builder_version=\u00a0\u00bb4.9.1&Prime; _module_preset=\u00a0\u00bbdefault\u00a0\u00bb][et_pb_image src=\u00a0\u00bbhttps:\/\/nssn-jdr.com\/wp-content\/uploads\/2024\/09\/icone-gn-nssn-2023.jpg\u00a0\u00bb title_text=\u00a0\u00bbicone-gn-nssn-2023&Prime; url=\u00a0\u00bbhttps:\/\/photos.google.com\/share\/AF1QipPQKxLhgxZXowrDSLiKVwsHHqOCD9Fzzdt5v0hv0OJaKojqwWKB4DU03tLvMCGs9g?key=RzF1aWlRQ096eF9jQUljVXdiRVhBcXlsbXNKTE9n\u00a0\u00bb url_new_window=\u00a0\u00bbon\u00a0\u00bb _builder_version=\u00a0\u00bb4.9.1&Prime; _module_preset=\u00a0\u00bbdefault\u00a0\u00bb custom_margin=\u00a0\u00bb||0px|||\u00a0\u00bb][\/et_pb_image][et_pb_text admin_label=\u00a0\u00bbDiscover Beatuty Text\u00a0\u00bb _builder_version=\u00a0\u00bb4.9.1&Prime; text_font=\u00a0\u00bbRoboto||||\u00a0\u00bb text_font_size=\u00a0\u00bb16px\u00a0\u00bb text_line_height=\u00a0\u00bb1.9em\u00a0\u00bb custom_padding=\u00a0\u00bb4px|||||\u00a0\u00bb animation_style=\u00a0\u00bbslide\u00a0\u00bb animation_direction=\u00a0\u00bbtop\u00a0\u00bb animation_delay=\u00a0\u00bb200ms\u00a0\u00bb animation_intensity_slide=\u00a0\u00bb10%\u00a0\u00bb]<\/p>\n<p style=\"text-align: center;\"><strong>\u00c9pisode 3 (2023)<\/strong><\/p>\n<p>[\/et_pb_text][\/et_pb_column][\/et_pb_row][et_pb_row column_structure=\u00a0\u00bb1_3,1_3,1_3&Prime; _builder_version=\u00a0\u00bb4.9.1&Prime; _module_preset=\u00a0\u00bbdefault\u00a0\u00bb][et_pb_column type=\u00a0\u00bb1_3&Prime; _builder_version=\u00a0\u00bb4.9.1&Prime; _module_preset=\u00a0\u00bbdefault\u00a0\u00bb][et_pb_image src=\u00a0\u00bbhttps:\/\/nssn-jdr.com\/wp-content\/uploads\/2024\/09\/icone-gn-nssn-2024.jpg\u00a0\u00bb title_text=\u00a0\u00bbicone-gn-nssn-2024&Prime; url=\u00a0\u00bbhttps:\/\/photos.google.com\/share\/AF1QipNMaW-oOkQo1LdexnANOzLlX52Gg_6sz3wAWDOn4mmYO613Dwyu4-Id3LboEvaKTQ?key=RzZrVHRtTzh1V3RQYUV6N1ZSVldFZmNnUlhSUk9B\u00a0\u00bb url_new_window=\u00a0\u00bbon\u00a0\u00bb _builder_version=\u00a0\u00bb4.9.1&Prime; _module_preset=\u00a0\u00bbdefault\u00a0\u00bb custom_margin=\u00a0\u00bb||0px|||\u00a0\u00bb][\/et_pb_image][et_pb_text admin_label=\u00a0\u00bbDiscover Beatuty Text\u00a0\u00bb _builder_version=\u00a0\u00bb4.9.1&Prime; text_font=\u00a0\u00bbRoboto||||\u00a0\u00bb text_font_size=\u00a0\u00bb16px\u00a0\u00bb text_line_height=\u00a0\u00bb1.9em\u00a0\u00bb custom_padding=\u00a0\u00bb4px|||||\u00a0\u00bb animation_style=\u00a0\u00bbslide\u00a0\u00bb animation_direction=\u00a0\u00bbtop\u00a0\u00bb animation_delay=\u00a0\u00bb200ms\u00a0\u00bb animation_intensity_slide=\u00a0\u00bb10%\u00a0\u00bb]<\/p>\n<p style=\"text-align: center;\"><strong>\u00c9pisode 4 (2024)<\/strong><\/p>\n<p>[\/et_pb_text][\/et_pb_column][et_pb_column type=\u00a0\u00bb1_3&Prime; _builder_version=\u00a0\u00bb4.9.1&Prime; _module_preset=\u00a0\u00bbdefault\u00a0\u00bb][et_pb_image src=\u00a0\u00bbhttps:\/\/nssn-jdr.com\/wp-content\/uploads\/2025\/12\/nssn-5-pub-thumbnail-carre-album-photo.jpg\u00a0\u00bb title_text=\u00a0\u00bbnssn-5-pub&#8212;thumbnail-carr\u00e9-album-photo\u00a0\u00bb url=\u00a0\u00bbhttps:\/\/photos.google.com\/share\/AF1QipPyR7iLkK6LM_gIJLV9YlPsRHT20QECwFN0y678IcE4JxV_hnpfD6eJ9CkuL-9keg?key=YS1NMVNacDNNbUpla0tCbk9VUXkxSF9fbE5rOXFR\u00a0\u00bb url_new_window=\u00a0\u00bbon\u00a0\u00bb _builder_version=\u00a0\u00bb4.9.1&Prime; _module_preset=\u00a0\u00bbdefault\u00a0\u00bb custom_margin=\u00a0\u00bb||0px|||\u00a0\u00bb hover_enabled=\u00a0\u00bb0&Prime; sticky_enabled=\u00a0\u00bb0&Prime;][\/et_pb_image][et_pb_text admin_label=\u00a0\u00bbDiscover Beatuty Text\u00a0\u00bb _builder_version=\u00a0\u00bb4.9.1&Prime; text_font=\u00a0\u00bbRoboto||||\u00a0\u00bb text_font_size=\u00a0\u00bb16px\u00a0\u00bb text_line_height=\u00a0\u00bb1.9em\u00a0\u00bb custom_padding=\u00a0\u00bb4px|||||\u00a0\u00bb animation_style=\u00a0\u00bbslide\u00a0\u00bb animation_direction=\u00a0\u00bbtop\u00a0\u00bb animation_delay=\u00a0\u00bb200ms\u00a0\u00bb animation_intensity_slide=\u00a0\u00bb10%\u00a0\u00bb hover_enabled=\u00a0\u00bb0&Prime; sticky_enabled=\u00a0\u00bb0&Prime;]<\/p>\n<p style=\"text-align: center;\"><strong>\u00c9pisode 5 (2025)<\/strong><\/p>\n<p>[\/et_pb_text][\/et_pb_column][et_pb_column type=\u00a0\u00bb1_3&Prime; _builder_version=\u00a0\u00bb4.9.1&Prime; _module_preset=\u00a0\u00bbdefault\u00a0\u00bb][\/et_pb_column][\/et_pb_row][\/et_pb_section]<\/p>\n","protected":false},"excerpt":{"rendered":"<p>[et_pb_section fb_built=\u00a0\u00bb1&Prime; _builder_version=\u00a0\u00bb3.22&Prime; custom_padding=\u00a0\u00bb110px||1px|||\u00a0\u00bb][et_pb_row _builder_version=\u00a0\u00bb4.9.1&Prime; _module_preset=\u00a0\u00bbdefault\u00a0\u00bb][et_pb_column type=\u00a0\u00bb4_4&Prime; _builder_version=\u00a0\u00bb4.9.1&Prime; _module_preset=\u00a0\u00bbdefault\u00a0\u00bb][et_pb_text admin_label=\u00a0\u00bbDiscover Beatuty Title\u00a0\u00bb _builder_version=\u00a0\u00bb4.9.1&Prime; text_font=\u00a0\u00bb||||\u00a0\u00bb text_text_color=\u00a0\u00bb#1a1a1a\u00a0\u00bb header_font=\u00a0\u00bbOswald|on||on|\u00a0\u00bb header_text_align=\u00a0\u00bbright\u00a0\u00bb header_font_size=\u00a0\u00bb60px\u00a0\u00bb header_line_height=\u00a0\u00bb1.3em\u00a0\u00bb custom_margin=\u00a0\u00bb||0px|||\u00a0\u00bb animation_style=\u00a0\u00bbslide\u00a0\u00bb animation_direction=\u00a0\u00bbtop\u00a0\u00bb animation_intensity_slide=\u00a0\u00bb10%\u00a0\u00bb] \u00e9v\u00e8nement [\/et_pb_text][et_pb_text admin_label=\u00a0\u00bbDiscover Beatuty Text\u00a0\u00bb _builder_version=\u00a0\u00bb3.27.4&Prime; text_font=\u00a0\u00bbRoboto||||\u00a0\u00bb text_font_size=\u00a0\u00bb16px\u00a0\u00bb text_line_height=\u00a0\u00bb1.9em\u00a0\u00bb custom_padding=\u00a0\u00bb30px|||\u00a0\u00bb animation_style=\u00a0\u00bbslide\u00a0\u00bb animation_direction=\u00a0\u00bbtop\u00a0\u00bb animation_delay=\u00a0\u00bb200ms\u00a0\u00bb animation_intensity_slide=\u00a0\u00bb10%\u00a0\u00bb] Depuis 2020, en collaboration avec l&rsquo;association Sidh, j&rsquo;organise une adaptation grandeur nature de NSSN, transformant cet univers en [&hellip;]<\/p>\n","protected":false},"author":1,"featured_media":0,"parent":0,"menu_order":0,"comment_status":"closed","ping_status":"closed","template":"","meta":{"_et_pb_use_builder":"on","_et_pb_old_content":"","_et_gb_content_width":"","footnotes":""},"class_list":["post-294","page","type-page","status-publish","hentry"],"_links":{"self":[{"href":"https:\/\/nssn-jdr.com\/index.php?rest_route=\/wp\/v2\/pages\/294","targetHints":{"allow":["GET"]}}],"collection":[{"href":"https:\/\/nssn-jdr.com\/index.php?rest_route=\/wp\/v2\/pages"}],"about":[{"href":"https:\/\/nssn-jdr.com\/index.php?rest_route=\/wp\/v2\/types\/page"}],"author":[{"embeddable":true,"href":"https:\/\/nssn-jdr.com\/index.php?rest_route=\/wp\/v2\/users\/1"}],"replies":[{"embeddable":true,"href":"https:\/\/nssn-jdr.com\/index.php?rest_route=%2Fwp%2Fv2%2Fcomments&post=294"}],"version-history":[{"count":18,"href":"https:\/\/nssn-jdr.com\/index.php?rest_route=\/wp\/v2\/pages\/294\/revisions"}],"predecessor-version":[{"id":345,"href":"https:\/\/nssn-jdr.com\/index.php?rest_route=\/wp\/v2\/pages\/294\/revisions\/345"}],"wp:attachment":[{"href":"https:\/\/nssn-jdr.com\/index.php?rest_route=%2Fwp%2Fv2%2Fmedia&parent=294"}],"curies":[{"name":"wp","href":"https:\/\/api.w.org\/{rel}","templated":true}]}}